{"id":11901,"date":"2022-07-28T14:49:24","date_gmt":"2022-07-28T13:49:24","guid":{"rendered":"https:\/\/www.iweech.com\/p\/option-erhoehter-lenker\/"},"modified":"2024-04-23T19:56:04","modified_gmt":"2024-04-23T18:56:04","slug":"option-erhoehter-lenker","status":"publish","type":"product","link":"https:\/\/www.iweech.com\/de\/p\/option-erhoehter-lenker\/","title":{"rendered":"Option erh\u00f6hter Lenker"},"content":{"rendered":"<p>Montage mit einem leichten V-f\u00f6rmigen Lenker (+3cm in der H\u00f6he), um eine etwas aufrechtere Position zu erreichen. Kombinierbar mit dem erh\u00f6hten Vorbau.<\/p>\n","protected":false},"excerpt":{"rendered":"<p>Montage mit einem leichten V-f\u00f6rmigen Lenker (+3cm in der H\u00f6he), um eine etwas aufrechtere Position zu erreichen. Kombinierbar mit dem erh\u00f6hten Vorbau.<\/p>\n","protected":false},"featured_media":11895,"template":"","meta":{"_et_pb_use_builder":"","_et_pb_old_content":"","_et_gb_content_width":""},"product_cat":[228,112],"product_tag":[],"class_list":["post-11901","product","type-product","status-publish","has-post-thumbnail","hentry","product_cat-ersatzteile","product_cat-zubehor","product_shipping_class-accessoires-legers-de"],"acf":[],"_links":{"self":[{"href":"https:\/\/www.iweech.com\/de\/wp-json\/wp\/v2\/product\/11901","targetHints":{"allow":["GET"]}}],"collection":[{"href":"https:\/\/www.iweech.com\/de\/wp-json\/wp\/v2\/product"}],"about":[{"href":"https:\/\/www.iweech.com\/de\/wp-json\/wp\/v2\/types\/product"}],"wp:featuredmedia":[{"embeddable":true,"href":"https:\/\/www.iweech.com\/de\/wp-json\/wp\/v2\/media\/11895"}],"wp:attachment":[{"href":"https:\/\/www.iweech.com\/de\/wp-json\/wp\/v2\/media?parent=11901"}],"wp:term":[{"taxonomy":"product_cat","embeddable":true,"href":"https:\/\/www.iweech.com\/de\/wp-json\/wp\/v2\/product_cat?post=11901"},{"taxonomy":"product_tag","embeddable":true,"href":"https:\/\/www.iweech.com\/de\/wp-json\/wp\/v2\/product_tag?post=11901"}],"curies":[{"name":"wp","href":"https:\/\/api.w.org\/{rel}","templated":true}]}}

Option erhöhter Lenker

<p>Montage mit einem leichten V-förmigen Lenker (+3cm in der Höhe), um eine etwas aufrechtere Position zu erreichen. Kombinierbar mit dem erhöhten Vorbau.</p>
