{"id":14542,"date":"2023-02-20T10:40:47","date_gmt":"2023-02-20T09:40:47","guid":{"rendered":"https:\/\/www.iweech.com\/?post_type=product&#038;p=14542"},"modified":"2024-05-27T10:14:45","modified_gmt":"2024-05-27T09:14:45","slug":"iweech-24-s-blanc-reconditionne","status":"publish","type":"product","link":"https:\/\/www.iweech.com\/nl\/p\/iweech-24-s-blanc-reconditionne\/","title":{"rendered":"IWEECH 24&#8243; S blanc reconditionn\u00e9"},"content":{"rendered":"<p>Avec RE-WEECH, redonner vie \u00e0 un v\u00e9lo qui a d\u00e9j\u00e0 roul\u00e9.<br \/>\nNos v\u00e9los reconditionn\u00e9s ont \u00e9t\u00e9 r\u00e9vis\u00e9s dans nos ateliers.<\/p>\n<p>Le v\u00e9lo pr\u00e9sent\u00e9 en photo est en bon \u00e9tat. Il a roul\u00e9 1635km, mais son moteur vient d&#8217;\u00eatre chang\u00e9 pour un neuf (donc sur votre application IWEECH il indiquera 0km &#8211; c&#8217;est normal). Il a un excellent \u00e9tat batterie de 93% (c&#8217;est-\u00e0-dire que la batterie peut d\u00e9livrer 93% de son potentiel neuf). En revanche, il a plusieurs poc et griffures sur la peinture \u00e0 plusieurs endroits.<\/p>\n<p><em>Tr\u00e8s bon \u00e9tat :<\/em><br \/>\n&#8211; le v\u00e9lo fonctionne parfaitement<br \/>\n&#8211; le v\u00e9lo pr\u00e9sente des rayures et poc moyennement visibles<br \/>\n&#8211; la batterie est parfaitement fonctionnelle et peu us\u00e9e<\/p>\n<p><em>Bon \u00e9tat :<\/em><br \/>\n&#8211; le v\u00e9lo fonctionne parfaitement<br \/>\n&#8211; le v\u00e9lo pr\u00e9sente des rayures et poc tr\u00e8s visibles<br \/>\n&#8211; la batterie est parfaitement fonctionnelle mais peut \u00eatre l\u00e9g\u00e8rement moins performante<\/p>\n<p><em>\u00c9tat moyen :<\/em><br \/>\n&#8211; le v\u00e9lo fonctionne parfaitement malgr\u00e9 son usure<br \/>\n&#8211; le v\u00e9lo pr\u00e9sente de multiples traces, rayures et poc<br \/>\n&#8211; la batterie est parfaitement fonctionnelle mais est moins performante<\/p>\n<p><span style=\"color: #414141; font-weight: 700 !important; font-size: 20px !important;\">La garantie IWEECH :<\/span><br \/>\n&#8211; chaque v\u00e9lo reconditionn\u00e9 a \u00e9t\u00e9 r\u00e9vis\u00e9 dans nos ateliers<br \/>\n&#8211; le v\u00e9lo est garantie pendant 6 mois apr\u00e8s l&#8217;achat<\/p>\n","protected":false},"excerpt":{"rendered":"<p>Avec RE-WEECH, redonner vie \u00e0 un v\u00e9lo qui a d\u00e9j\u00e0 roul\u00e9. Nos v\u00e9los reconditionn\u00e9s ont \u00e9t\u00e9 r\u00e9vis\u00e9s dans nos ateliers. Le v\u00e9lo pr\u00e9sent\u00e9 en photo est en bon \u00e9tat. Il a roul\u00e9 1635km, mais son moteur vient d&#8217;\u00eatre chang\u00e9 pour un neuf (donc sur votre application IWEECH il indiquera 0km &#8211; c&#8217;est normal). Il a [&hellip;]<\/p>\n","protected":false},"featured_media":15789,"template":"","meta":{"_et_pb_use_builder":"","_et_pb_old_content":"","_et_gb_content_width":""},"product_cat":[234],"product_tag":[],"class_list":["post-14542","product","type-product","status-publish","has-post-thumbnail","hentry","product_cat-velo-electrique-iweech-reconditionne","product_shipping_class-velos","rtwpvs-product"],"acf":[],"_links":{"self":[{"href":"https:\/\/www.iweech.com\/nl\/wp-json\/wp\/v2\/product\/14542","targetHints":{"allow":["GET"]}}],"collection":[{"href":"https:\/\/www.iweech.com\/nl\/wp-json\/wp\/v2\/product"}],"about":[{"href":"https:\/\/www.iweech.com\/nl\/wp-json\/wp\/v2\/types\/product"}],"wp:featuredmedia":[{"embeddable":true,"href":"https:\/\/www.iweech.com\/nl\/wp-json\/wp\/v2\/media\/15789"}],"wp:attachment":[{"href":"https:\/\/www.iweech.com\/nl\/wp-json\/wp\/v2\/media?parent=14542"}],"wp:term":[{"taxonomy":"product_cat","embeddable":true,"href":"https:\/\/www.iweech.com\/nl\/wp-json\/wp\/v2\/product_cat?post=14542"},{"taxonomy":"product_tag","embeddable":true,"href":"https:\/\/www.iweech.com\/nl\/wp-json\/wp\/v2\/product_tag?post=14542"}],"curies":[{"name":"wp","href":"https:\/\/api.w.org\/{rel}","templated":true}]}}

IWEECH 24&#8243; S blanc reconditionné

<p>Avec RE-WEECH, redonner vie à un vélo qui a déjà roulé.<br />
Nos vélos reconditionnés ont été révisés dans nos ateliers.</p>
<p>Le vélo présenté en photo est en bon état. Il a roulé 1635km, mais son moteur vient d&#8217;être changé pour un neuf (donc sur votre application IWEECH il indiquera 0km &#8211; c&#8217;est normal). Il a un excellent état batterie de 93% (c&#8217;est-à-dire que la batterie peut délivrer 93% de son potentiel neuf). En revanche, il a plusieurs poc et griffures sur la peinture à plusieurs endroits.</p>
<p><em>Très bon état :</em><br />
&#8211; le vélo fonctionne parfaitement<br />
&#8211; le vélo présente des rayures et poc moyennement visibles<br />
&#8211; la batterie est parfaitement fonctionnelle et peu usée</p>
<p><em>Bon état :</em><br />
&#8211; le vélo fonctionne parfaitement<br />
&#8211; le vélo présente des rayures et poc très visibles<br />
&#8211; la batterie est parfaitement fonctionnelle mais peut être légèrement moins performante</p>
<p><em>État moyen :</em><br />
&#8211; le vélo fonctionne parfaitement malgré son usure<br />
&#8211; le vélo présente de multiples traces, rayures et poc<br />
&#8211; la batterie est parfaitement fonctionnelle mais est moins performante</p>
<p><span style="color: #414141; font-weight: 700 !important; font-size: 20px !important;">La garantie IWEECH :</span><br />
&#8211; chaque vélo reconditionné a été révisé dans nos ateliers<br />
&#8211; le vélo est garantie pendant 6 mois après l&#8217;achat</p>

<p>Avec RE-WEECH, redonner vie à un vélo qui a déjà roulé. Nos vélos reconditionnés ont été révisés dans nos ateliers. Le vélo présenté en photo est en bon état. Il a roulé 1635km, mais son moteur vient d&#8217;être changé pour un neuf (donc sur votre application IWEECH il indiquera 0km &#8211; c&#8217;est normal). Il a [&hellip;]</p>
